{"id":9,"date":"2014-03-17T16:39:58","date_gmt":"2014-03-17T14:39:58","guid":{"rendered":"http:\/\/hannoleischke.de\/?page_id=9"},"modified":"2026-04-22T21:35:00","modified_gmt":"2026-04-22T19:35:00","slug":"maerkte","status":"publish","type":"page","link":"https:\/\/hannoleischke.de\/?page_id=9","title":{"rendered":"M\u00e4rkte 2026"},"content":{"rendered":"<p>&nbsp;<\/p>\n<p>14.03. &#8211; 15.03.&nbsp; &nbsp; TAG DER OFFENEN T\u00d6PFEREI&nbsp; in Lenzen<\/p>\n<p>04.04. &#8211; 05.04.&nbsp; &nbsp; T\u00f6pfermarkt in G\u00f6rzke \/&nbsp; Fl\u00e4ming&nbsp;<\/p>\n<p>1. Mai.&nbsp; &nbsp; &nbsp; &nbsp; &nbsp; &nbsp; &nbsp; &nbsp; &nbsp; &nbsp;PFLANZ- UND TOPFTAG&nbsp; in Lenzen<\/p>\n<p>14.05. &#8211; 17.05.&nbsp; &nbsp; T\u00f6pfermarkt in Die\u00dfen am Ammersee&nbsp;<\/p>\n<p>23.05. &#8211; 24.05.&nbsp; &nbsp; T\u00f6pfermarkt&nbsp; Prerow &#8211; jetzt im Pfarrgarten der Seemannskirche !<\/p>\n<p><span style=\"font-size: revert;\">04.07. &#8211; 05.07&nbsp; &nbsp; &nbsp;T\u00f6pfermarkt in Schwerin&nbsp;<\/span><\/p>\n<p>25.07. &#8211; 26.07.&nbsp; &nbsp; T\u00f6pfermarkt in Morgenitz \/ Usedom<\/p>\n<p>01.08. &#8211; 02.08.&nbsp; &nbsp; Keramiktage Oldenburg<\/p>\n<p>29.08. &#8211; 30.08.&nbsp; &nbsp; Keramikmarkt Buckow&nbsp;<\/p>\n<p>05.09. &#8211; 06.09.&nbsp; &nbsp; Keramikmarkt in Dresden<\/p>\n<p>19.09. &#8211; 20.09.&nbsp; &nbsp; Kunsthandwerkermarkt Prerow &#8211; jetzt im Pfarrgarten der Seemannskirche !<\/p>\n<p><span style=\"font-size: revert;\">10.10. &#8211; 11.10.&nbsp; &nbsp; T\u00f6pfermarkt in Rheinsberg<\/span><\/p>\n<p>05.12. &#8211; 20.12. &nbsp; &nbsp;Loschwitzer Weihnachtsmarkt am K\u00f6rnerplatz in Dresden<\/p>\n<p>&nbsp;<\/p>\n<p><span style=\"font-size: revert;\">Bitte melden Sie einen Werkstattbesuch telefonisch an<\/span>.<\/p>\n<p>Telefon: 0175 75 40 849<\/p>\n","protected":false},"excerpt":{"rendered":"<p>&nbsp; 14.03. &#8211; 15.03.&nbsp; &nbsp; TAG DER OFFENEN T\u00d6PFEREI&nbsp; in Lenzen 04.04. &#8211; 05.04.&nbsp; &nbsp; T\u00f6pfermarkt in G\u00f6rzke \/&nbsp; Fl\u00e4ming&nbsp; 1. Mai.&nbsp; &nbsp; &nbsp; &nbsp; &nbsp; &nbsp; &nbsp; &nbsp; &nbsp; &nbsp;PFLANZ- UND TOPFTAG&nbsp; in Lenzen 14.05. &#8211; 17.05.&nbsp; &nbsp; T\u00f6pfermarkt in Die\u00dfen am Ammersee&nbsp; 23.05. &#8211; 24.05.&nbsp; &nbsp; T\u00f6pfermarkt&nbsp; Prerow &#8211; jetzt im Pfarrgarten der [&hellip;]<\/p>\n","protected":false},"author":1,"featured_media":0,"parent":0,"menu_order":3,"comment_status":"closed","ping_status":"closed","template":"","meta":{"ngg_post_thumbnail":0,"footnotes":""},"class_list":["post-9","page","type-page","status-publish","hentry"],"_links":{"self":[{"href":"https:\/\/hannoleischke.de\/index.php?rest_route=\/wp\/v2\/pages\/9","targetHints":{"allow":["GET"]}}],"collection":[{"href":"https:\/\/hannoleischke.de\/index.php?rest_route=\/wp\/v2\/pages"}],"about":[{"href":"https:\/\/hannoleischke.de\/index.php?rest_route=\/wp\/v2\/types\/page"}],"author":[{"embeddable":true,"href":"https:\/\/hannoleischke.de\/index.php?rest_route=\/wp\/v2\/users\/1"}],"replies":[{"embeddable":true,"href":"https:\/\/hannoleischke.de\/index.php?rest_route=%2Fwp%2Fv2%2Fcomments&post=9"}],"version-history":[{"count":302,"href":"https:\/\/hannoleischke.de\/index.php?rest_route=\/wp\/v2\/pages\/9\/revisions"}],"predecessor-version":[{"id":845,"href":"https:\/\/hannoleischke.de\/index.php?rest_route=\/wp\/v2\/pages\/9\/revisions\/845"}],"wp:attachment":[{"href":"https:\/\/hannoleischke.de\/index.php?rest_route=%2Fwp%2Fv2%2Fmedia&parent=9"}],"curies":[{"name":"wp","href":"https:\/\/api.w.org\/{rel}","templated":true}]}}

Märkte 2026

<p>&nbsp;</p>
<p>14.03. &#8211; 15.03.&nbsp; &nbsp; TAG DER OFFENEN TÖPFEREI&nbsp; in Lenzen</p>
<p>04.04. &#8211; 05.04.&nbsp; &nbsp; Töpfermarkt in Görzke /&nbsp; Fläming&nbsp;</p>
<p>1. Mai.&nbsp; &nbsp; &nbsp; &nbsp; &nbsp; &nbsp; &nbsp; &nbsp; &nbsp; &nbsp;PFLANZ- UND TOPFTAG&nbsp; in Lenzen</p>
<p>14.05. &#8211; 17.05.&nbsp; &nbsp; Töpfermarkt in Dießen am Ammersee&nbsp;</p>
<p>23.05. &#8211; 24.05.&nbsp; &nbsp; Töpfermarkt&nbsp; Prerow &#8211; jetzt im Pfarrgarten der Seemannskirche !</p>
<p><span style="font-size: revert;">04.07. &#8211; 05.07&nbsp; &nbsp; &nbsp;Töpfermarkt in Schwerin&nbsp;</span></p>
<p>25.07. &#8211; 26.07.&nbsp; &nbsp; Töpfermarkt in Morgenitz / Usedom</p>
<p>01.08. &#8211; 02.08.&nbsp; &nbsp; Keramiktage Oldenburg</p>
<p>29.08. &#8211; 30.08.&nbsp; &nbsp; Keramikmarkt Buckow&nbsp;</p>
<p>05.09. &#8211; 06.09.&nbsp; &nbsp; Keramikmarkt in Dresden</p>
<p>19.09. &#8211; 20.09.&nbsp; &nbsp; Kunsthandwerkermarkt Prerow &#8211; jetzt im Pfarrgarten der Seemannskirche !</p>
<p><span style="font-size: revert;">10.10. &#8211; 11.10.&nbsp; &nbsp; Töpfermarkt in Rheinsberg</span></p>
<p>05.12. &#8211; 20.12. &nbsp; &nbsp;Loschwitzer Weihnachtsmarkt am Körnerplatz in Dresden</p>
<p>&nbsp;</p>
<p><span style="font-size: revert;">Bitte melden Sie einen Werkstattbesuch telefonisch an</span>.</p>
<p>Telefon: 0175 75 40 849</p>

<p>&nbsp; 14.03. &#8211; 15.03.&nbsp; &nbsp; TAG DER OFFENEN TÖPFEREI&nbsp; in Lenzen 04.04. &#8211; 05.04.&nbsp; &nbsp; Töpfermarkt in Görzke /&nbsp; Fläming&nbsp; 1. Mai.&nbsp; &nbsp; &nbsp; &nbsp; &nbsp; &nbsp; &nbsp; &nbsp; &nbsp; &nbsp;PFLANZ- UND TOPFTAG&nbsp; in Lenzen 14.05. &#8211; 17.05.&nbsp; &nbsp; Töpfermarkt in Dießen am Ammersee&nbsp; 23.05. &#8211; 24.05.&nbsp; &nbsp; Töpfermarkt&nbsp; Prerow &#8211; jetzt im Pfarrgarten der [&hellip;]</p>
